19*x + 32006 + x**2 - 32001 + 16*x. Determine t(y).
15
Suppose 10*q - 10 = 5*q. Let p(l) = 6. Let i(d) = -d + 9. Let h(s) = -3*i(s) + 4*p(s). Determine h(q).
3
Suppose 15 = q + 4*q. Suppose 8*z - 10 = q*z. Let p(r) = -r**3 + 2*r**2 - 1 + 6*r**2 - 3*r**2 - 2*r**2. Determine p(z).
3
Let p(s) = 5*s**2 - s - 13. Let a(l) = -4*l**2 + 2*l + 12. Let j(n) = -6*a(n) - 5*p(n). Calculate j(-4).
5
Let t(x) = -4*x**2 - 5*x + 2. Let w(n) = 3*n**2 + 2*n - 3. Let u(o) = 4*t(o) + 5*w(o). What is u(-10)?
-7
Suppose -21 + 9 = -3*n. Let z(p) = p**3 - 4*p**2 + 3*p - 1. What is z(n)?
11
Let a(l) = l**3 - 4*l**2 - 4*l - 4. Let f = -73 - -78. Let o be 2/2 - (-9 + f). Give a(o).
1
Let n(u) = -2*u**2 - 5*u - 1. Let t be n(-3). Let q(r) = -r**3 - 4*r**2 + 3*r + 9. Calculate q(t).
-3
Let n(i) = -2*i + 3. Let l(g) = g**3 - 4*g**2 + 2*g - 4. Let d = -14 + 14. Suppose -4*p + 31 = -d*p + 5*r, -9 = -3*r. Let c be l(p). Determine n(c).
-5
Let w(k) = -k**2 + 3*k - 4. Let n be (-13 - -18)*(3/1)/3. Determine w(n).
-14
Let t(a) = -2*a**2 + 22*a - 1. Let y(n) = -3*n**2 + 40*n - 2. Let l(k) = 9*t(k) - 5*y(k). What is l(-2)?
-7
Let x(d) = 7*d**3 + 10*d**2 + d + 1. Let w(r) = -9*r**3 - 11*r**2 - r. Let p(g) = 3*w(g) + 4*x(g). What is p(-7)?
-3
Let i(v) = v - 5. Suppose 0 = 5*f - 2*y - 5, -9 = 3*f - f - 3*y. Suppose 2*k + 24 = 2*m - 0*k, m + 2*k + f = 0. Determine i(m).
2
Let i(p) = 14*p**2 - 2*p - 1. Let o(m) = 25*m**2 - 2*m - 3. Let s(j) = 7*i(j) - 4*o(j). What is s(-3)?
5
Let r be 30/80 + (-163)/8 - -4. Let p(j) = j**3 + 15*j**2 - 15*j + 19. Give p(r).
3
Let r(q) be the first derivative of 3*q**2 - 3*q + 109. Calculate r(2).
9
Suppose 0 = 11*r - 9*r. Let s(g) = g**2 + 2*g + 5. Let w be s(r). Let l(v) = v**3 - 4*v**2 - v - 6. What is l(w)?
14
Let b(q) = q**3 - 7*q**2 + 5*q - 2. Let k be 18/(-10) + 1/(-5). Let l be 2/9 + (-158)/(-18). Let r be (-9)/k*12/l. Give b(r).
-8
Let q(d) be the third derivative of 1/60*d**5 + 0*d + 0*d**4 + 0 - 1/6*d**3 - 1/30*d**6 - 35*d**2. Determine q(1).
-4
Let h(u) = -u**3 + 3*u**2 + 2*u - 4. Let s be (-1)/6*(-16 - 2). What is h(s)?
2
Let g be -1*-4*4*1. Let v = -18 + g. Let c(j) be the first derivative of -2*j**3/3 - 2*j**2 - 2*j - 5. Calculate c(v).
-2
Let n(u) = u**2 - 2*u - 4. Let d = -168 + 174. Give n(d).
20
Let m(w) be the first derivative of -w**3/6 + 2*w**2 - 9*w + 5. Let d(t) be the first derivative of m(t). Determine d(3).
1
Let m be (8/(-10))/((-10)/(-25)). Let z(x) be the third derivative of -x**6/120 - x**5/60 - x**4/24 + x**3/6 - 2*x**2 - 99. Give z(m).
7
Let p(y) = -5*y**3 + 8*y. Let i(k) = -9*k**3 - k**2 + 15*k + 1. Suppose -20 = -10*r + 14*r. Let j(w) = r*p(w) + 3*i(w). Calculate j(-3).
15
Let q(u) be the second derivative of u**4/4 - 5*u**3 + u**2/2 + 274*u. What is q(10)?
1
Let u(l) = 3*l**2 - 2*l + 2. Let s(d) = 8*d**2 - 64*d. Let q be s(8). Determine u(q).
2
Suppose -160 = 2*v - 34*v. Let y(f) = 2*f**2 - 8*f - 12. What is y(v)?
-2
Let q(r) = -2*r**2 + 4. Let i be q(2). Let a(g) = g + 3. Determine a(i).
-1
Let o(i) be the second derivative of -i**5/20 + 2*i**2 - 29*i. Let l = -91 + 91. Calculate o(l).
4
Let i(a) = 1. Let q(t) = t**2 - 14. Let b(n) = -6*i(n) - q(n). Let w be (-3)/(-9)*(-300)/(-5). Suppose 6*k - 4*k + w = -5*d, -k - 3*d = 12. Give b(k).
8
Suppose -5*b + 6 = -2*f + 4*f, 0 = -b - f. Suppose -a = -4*y + 3, 9 = -b*y - 3*y - 3*a. Let h(s) = -2*s - 7*s + y*s - s + 1. Give h(1).
-9
Let y be (-8)/(-1)*(-24)/32. Suppose -2*j - 2*d + 6 = -0*j, 14 = 4*j + 3*d. Let r(h) = h - j - h - h. What is r(y)?
1
Let j(c) be the second derivative of -3*c - 1/12*c**4 + 1/2*c**2 - 1/3*c**3 + 0. Let f = -3 + 1. Calculate j(f).
1
Suppose 20 = -5*s, -36 - 16 = -3*u + 4*s. Suppose u - 36 = -a. Let g be (-2)/(-6) + 16/a. Let q(k) = -7*k + 1. Give q(g).
-6
Let j(y) = -4*y**2 + 8*y - 12. Let p(t) = -5*t**2 + 8*t - 14. Let d(z) = -4*j(z) + 3*p(z). Determine d(4).
-10
Let i(a) = -4*a. Let o(k) = 7*k + 6. Let w(z) = -2*i(z) - o(z). Give w(-6).
-12
Suppose 30 + 6 = 3*r. Let h be ((-8)/r)/((-6)/27). Suppose h*a + 4*m = 7, -4*a + m = 2*m - 5. Let n(s) = -8*s**2 + 1. What is n(a)?
-7
Suppose -2*t - t - 3*x = 15, -t = -x - 5. Suppose 9 = y - t*z + 3*z, 0 = -3*y + 5*z - 15. Let j be (-5)/(20/(-8)) - y. Let g(i) = -4*i**2 + 4*i - 2. Give g(j).
-10
Let o(c) = -c**2 + 11*c + 55. Let w be o(15). Let b(l) be the third derivative of -l**5/60 - l**4/8 - l**3 - l**2. Determine b(w).
-16
Let v(d) = -3*d - 3*d - 12*d**2 - 7 + 3*d**3 + 17*d - 2*d**3. Give v(11).
-7
Let h(r) = r**2 - 7*r - 4. Let l(m) = -m**2 + 17*m - 10. Let i be l(16). Calculate h(i).
-10
Let c(s) = 6*s**2 - 4*s - 2*s**3 + s**3 - 6 + 11*s. Let v be ((-10)/(-4))/(45/36). Suppose -v*d = m + 2*d + 1, -37 = -5*m + d. Calculate c(m).
-6
Suppose -j - 5*q + 2 - 19 = 0, 2*q + 5 = -j. Let b(i) = i**2 - 2. Determine b(j).
7
Let o(z) be the first derivative of z**2 - z + 84. Calculate o(-9).
-19
Let q(j) = -j**3 + 3*j**2 - 3*j - 5. Let h(o) = -4*o**3 + 10*o**2 - 10*o - 16. Let p(v) = 3*h(v) - 10*q(v). Let r(t) = -t + 4. Let u be r(6). What is p(u)?
18
Let z(h) = h**3 - 3*h**2 - 4*h + 3. Suppose 0 = 4*u - 3 - 13. Determine z(u).
3
Let r be 7312/208 + 2/(-13). Let v = r + -30. Let c(g) = g**3 - 4*g**2 - 4*g + 1. Let k be c(v). Let z(t) = t**2 - 6*t + 3. What is z(k)?
3
Let g(m) = 9*m - 10. Let q(f) = -20*f + 21. Let l(o) = -13*g(o) - 6*q(o). Determine l(-3).
-5
Let a(l) = -l**3 - 4*l**2 + 2*l + 3. Let x be 231/22 - 1/(-2). Let j be 4/(-18) - x/((-594)/(-204)). What is a(j)?
-5
Let y(z) = -z**2 - 2. Let t(s) = -4*s**2 + 4*s - 2. Let w(u) = t(u) - 3*y(u). What is w(5)?
-1
Let a(z) be the third derivative of -z**5/15 - z**4/24 - 2*z**2. Let v be ((-4)/4)/(-1) - -2. Suppose 3*l = -2*n + n - 5, v*l = -5*n - 1. Calculate a(l).
-14
Let y(z) = -7*z**3 - 2*z**2 - 3*z. Let w be y(-2). Suppose 0 = 5*l + d - 77, 4*l - l = 2*d + w. Let o(g) = -7 + l - 3*g**2 - 10 + g**3. Determine o(3).
-1
Let m(p) = p**3 - 3*p**2 - p - 1. Let c(x) = 5*x**3 - 12*x**2 - 5*x - 3. Let k(j) = 2*c(j) - 9*m(j). Let h = 27 - 30. Calculate k(h).
6
Let g(z) = z**2 + 2*z + 2. Let l(y) = 4*y**2 + 22*y + 11. Let o(f) = -5*g(f) + l(f). What is o(11)?
12
Let w(z) = -3*z**3 + 3*z**2 - 9*z. Let p(d) = 5*d**3 - 7*d**2 + 17*d + 2. Let h(u) = 4*p(u) + 7*w(u). Give h(-7).
-27
Suppose -15*x + 4*x - 77 = 0. Let g(c) be the third derivative of -c**6/120 - 2*c**5/15 - 5*c**4/12 - 2*c**3/3 - 48*c**2. Give g(x).
17
Let r(t) be the first derivative of -t**2/2 - 5*t + 9. Let o = -10 - 5. Let n = 10 + o. Calculate r(n).
0
Let o(u) = 4*u - 11. Let t(c) = 2*c - 5. Let m(q) = 3*o(q) - 7*t(q). Let b = 45 - 10. Let f = -33 + b. Give m(f).
-2
Let m(q) = -35*q + 774. Let h be m(22). Let l(n) = -n + 4. Give l(h).
0
Let z = 1807 - 1808. Let r(m) = 9*m**2 - 3*m - 3. What is r(z)?
9
Suppose 497 + 63 = 80*w. Let s(d) = -d**3 + 8*d**2 - 8*d - 3. What is s(w)?
-10
Suppose -5*t = 2*m + 30 - 1, -23 = 4*m + 3*t. Let k be 1*(m - -4 - 2). Let p(n) = 13*n - 4. Let h(d) = 7*d - 2. Let q(f) = -11*h(f) + 6*p(f). Calculate q(k).
-2
Suppose r - 3*a = 7 + 5, -4*a = 8. Let f(x) = r*x**2 + 8*x + x**3 + 0 + 2 + 4. Let s = 4 - 9. Give f(s).
-9
Let o(g) = -7*g. Let t(x) = -1. Let p(a) = o(a) - 2*t(a). Suppose -131*v + 36 = -37*v - 152. Calculate p(v).
-12
Let k(n) = -8 + 7 + 13 + 3 + n. Give k(-15).
0
Let s(h) be the third derivative of h**6/180 + 3*h**5/40 + 5*h**4/24 + h**3 + 6*h**2. Let k(l) be the first derivative of s(l). Calculate k(-6).
23
Let f(i) = -i**3 - 3*i**2 - 3*i + 4. Let k = -314 + 310. Calculate f(k).
32
Suppose 4*u - 2 = 3*u. Let j be (-1)/u*-12 - 4. Let x(p) = 4*p**j - p**3 - 1 + 5*p + 0*p**3 + 7 - 2*p. Give x(5).
-4
Let d(o) = o**2 + 3*o + 1. Let r(s) = -2*s**2 + 2*s + 2. Let n(x) = -d(x) - r(x). Suppose b - 3 = 4. Calculate n(b).
11
Let b(u) = 3*u + 4. Suppose 3*d + 8 - 2 = 0. Let q be b(d). Let w(p) = -4*p. Give w(q).
8
Let q(d) = 5*d - 8. Let o(r) = 9*r - 24. Let j(n) = -3*o(n) + 5*q(n). Calculate j(16).
0
Let w = -45 - -43. Let j(p) = -p**3 - 3*p**2 + 3*p + 3. Determine j(w).
-7
Suppose 0 = 76*t - 667 + 63 - 232. Let k(u) = 3*u - 43. Let l(w) = -w + 14. Let i(z) = -4*k(z) - 11*l(z). Determine i(t).
7
Let g(f) = -f**2 - 24*f - 40. Let l(a) = 3*a**2 + 46*a + 81. Let p(h) = -7*g(h) - 3*l(h). Determine p(16).
5
Let j(s) be the first derivative of -3*s**2 - 3*s + 114. Calculate j(